 digit of j(17)?
9
Let s(x) = x**2 + 12*x - 2. Suppose -6*i - 25 = 47. Let l be s(i). Let z = l - -32. What is the units digit of z?
0
Let t(k) = -k**3 + k**2 + 4*k + 5. Let f be t(-2). Let i be (122 - -1)/(3/f). Suppose 6*v - i = -3*v. What is the units digit of v?
1
What is the tens digit of 61/(244/72) + 25207?
2
Let f(l) be the third derivative of l**6/90 - 11*l**4/24 + 2*l**3 + 13*l**2. Let m(q) be the first derivative of f(q). What is the tens digit of m(-5)?
8
Let n be (29 - 26)/(1/6). Suppose -n*w + 29487 - 5961 = 0. What is the units digit of w?
7
What is the hundreds digit of ((-1632)/(-510))/((-21482)/35810 + 6/10)?
6
Suppose 5*l = -13 + 83. Let j = l - 117. What is the tens digit of 57/(-21) + 3 - j/7?
1
Let z = -6 - -12. Let q(v) = -5*v + 17. Let c be q(z). Let r(m) = -2*m - 16. What is the tens digit of r(c)?
1
Suppose -4*m - 7 = -3*c, 2*m - 5*m + 3*c = 9. Let q(y) = -5*y**2 + 2*y**2 + 4*y - 2*y**2 + y**m - y**3 - 1. What is the units digit of q(-7)?
8
Let f be 0/2*(-1)/2 + 2. Suppose -3*o + 9 = 5*b - 2*b, 0 = -f*b - o + 5. Let m = 17 + b. What is the units digit of m?
9
What is the ten thousands digit of 118838*-4*(-9)/72?
5
Let t be (-10)/4*(-11)/((-275)/(-30)). Suppose t*l = 3*w - 69, -2*l = 2*w + 2*w + 52. Let d = l - -108. What is the tens digit of d?
8
Let b = -2521 - -1107. Let p = b + 2768. What is the hundreds digit of p?
3
Suppose -48020 = -5*r + 5*g, 0 = 5*r - g + 4*g - 48076. What is the units digit of r?
1
Let x = -164 - -217. Suppose -q = -x - 135. What is the units digit of q?
8
Let v = -30 + 36. Suppose 3*c = -3 - v. Let m(h) = 4*h**2 - h - 2. What is the tens digit of m(c)?
3
Let b be 7/3 + -2 + 171/(-27). Let x(z) = -102*z + 32. What is the hundreds digit of x(b)?
6
Let a = 6906 + -4480. Let i = a + -909. What is the thousands digit of i?
1
Let w be (-1*45)/((-132)/440). Let i(d) = 10*d**2 - 2*d + 7. Let v be i(-5). Let h = v - w. What is the tens digit of h?
1
Suppose -97*y + 3097152 = 21*y - 601676. What is the units digit of y?
6
Let j = 23175 + -9546. What is the tens digit of j?
2
Suppose -4*r + r + 3*i + 18 = 0, 4*r + 5*i = 15. Suppose 4*u - r*z = -21, 3*u - 2*z - 8 = -3*z. What is the tens digit of (-11)/(u/(-6 - -1))?
5
Suppose -6475 = -1773*k + 1778*k. Let p = k - -2754. What is the tens digit of p?
5
Let o(r) = 15*r**3 - 27*r**2 - 6*r - 27. What is the tens digit of o(11)?
0
What is the tens digit of (-406641)/(-178)*(-10)/(-1)?
4
Let n(q) = -76*q**3 - 7*q**2 - 56*q - 140. What is the units digit of n(-3)?
7
Suppose b + 283 = -4*j, -b - 212 = 3*j - 0*j. Let k = j + 75. What is the units digit of ((-6)/k)/((-33)/6490)?
5
Let i = -720 + 426. Let d = -215 - i. What is the units digit of d?
9
What is the thousands digit of (39096/(-45))/((-1)/80)?
9
Let y(s) = -s**3 + 24*s**2 - 24*s + 28. Let j be y(23). Suppose 2*c - 422 = 5*n - 10*n, -1090 = -j*c + 5*n. What is the hundreds digit of c?
2
Let l(m) = 8 - 2 + 9 - 21 - 133*m. What is the tens digit of l(-4)?
2
Suppose 0 = -5*i + 2*v + 486 + 43, -5*v = 2*i - 200. Suppose 0*s = 2*s - 3*z - 35, z = -4*s + i. Suppose 2*k = -s + 157. What is the units digit of k?
6
Suppose -2*o = -0*v + v - 8, -3*v = o + 6. Suppose o*h + 279 = 3*h. Let d = h + 133. What is the units digit of d?
0
Let z = 16061 + 23005. What is the thousands digit of z?
9
Suppose 0 = 47*q + 45789 - 354780 - 1048322. What is the tens digit of q?
7
Let c(z) be the second derivative of -z**5/20 + z**4 - z**3 + z**2/2 - 11*z. Let q be c(9). Suppose 0 = 13*a - 8*a - q. What is the tens digit of a?
3
What is the thousands digit of 2291/(-2)*7*260/(-182)?
1
Suppose 93*w - 25*w = -28*w + 27840. What is the hundreds digit of w?
2
Let j(x) = x**3 - 12*x**2 - 12*x - 9. Let g be j(13). Suppose 4*i + 3*w = 6 + 6, 3*i - g*w = -16. Suppose i*y + y = 62. What is the tens digit of y?
6
Suppose -5*g + 2*b = -21, 0 = 14*g - 11*g + 4*b + 3. What is the hundreds digit of (-3813)/(-8) + g/24*3?
4
Suppose 5*p = 3*i + 28957, -3*p = -0*p + 3*i - 17403. What is the units digit of p?
5
Suppose 260476 - 73445 = 13*t. What is the tens digit of t?
8
What is the hundreds digit of 46*346/4 + (-24)/(-6 - 0)?
9
Let b(w) = w**3 - 19*w**2 + 19*w - 36. Let x be b(18). What is the tens digit of 309*(-3 - 66/x)?
0
Let j be (-2)/4 - 5231/(-2). Suppose 5*n = -5*g + j, 0 = -4*n + 3*g - 5*g + 2082. What is the hundreds digit of n?
5
What is the hundreds digit of (-45 - -44)/(4/(-31400))?
8
Suppose 4*i - 4 = 0, 4*a - 4*i - 5 = -1. Let h = -83 - a. Let m = 163 + h. What is the units digit of m?
8
Suppose -56*c + 427907 + 953418 = -1026339. What is the units digit of c?
4
Let j(o) = 5*o**2 - 15. Let u be j(-13). Suppose -2*c + u = 5*x, -4*x = 2 + 14. What is the tens digit of c?
2
Let q(p) = 2*p**3 + 40*p**2 - 3*p + 26. Let i be q(-20). Let y = 220 - i. Let a = y + 13. What is the hundreds digit of a?
1
Suppose -8 = 3*b - 5*b. Suppose -b*q + 288 = x, 4*x + 0*x - 16 = 0. What is the units digit of q?
1
Suppose a + 316 = -367. Let h = 2008 + a. What is the thousands digit of h?
1
Suppose 273*i - 292*i = -75031. What is the tens digit of i?
4
Let d = -14468 - -21452. What is the tens digit of d?
8
Suppose 13 - 1 = 4*h. Suppose -h*x + 1198 = 5*y + 269, 0 = -x + 2*y + 317. Suppose 5*b - 152 = x. What is the units digit of b?
3
Let c(j) = -j**3 - 29*j**2 + 21*j - 102. What is the units digit of c(-36)?
4
Suppose 4*a = -2*s + 3132, 1594 = -206*s + 207*s - 5*a. What is the units digit of s?
4
Let d be 48/15*-1*(0 + -5). Suppose 2*u - d = 4*u. Let o(t) = t**2 + 5*t + 4. What is the units digit of o(u)?
8
Let a(l) = -l**2 - 7*l. Let o be a(-7). Suppose -8*r + 64 = -o*r. Suppose -r*n + 655 - 55 = 0. What is the tens digit of n?
7
Let z be (-11)/3 + (-21)/63. What is the hundreds digit of (-1*(-5 - z))/(2/704)?
3
Suppose p - v - 3 = 0, 3*v + 5 = 4*p - 10. Suppose p*j = 14 + 4. Suppose j*d = 2*r + 4*d - 34, 0 = d - 4. What is the tens digit of r?
1
Let v = -131 + 113. What is the tens digit of (-4)/v + (-1765)/(-9)*7?
7
What is the tens digit of 3314208/184 - (2 - (-1 - -3))?
1
Suppose -589 = -4*g + q + 1654, 0 = -3*g - 5*q + 1711. Suppose -337 - 50 = z. Let v = g + z. What is the hundreds digit of v?
1
Suppose 16183 = 22*l - 25771. What is the tens digit of l?
0
Suppose -31 = -3*o - 0*o + 2*d, 0 = -4*o - 2*d + 46. Let y = -6 + o. Suppose v - 4*n + y = 23, 4*n = -16. What is the units digit of v?
2
Let n(l) = 2289*l - 1677. What is the units digit of n(7)?
6
Let s = 111 + -95. Suppose -s*r = 16*r - 24736. What is the units digit of r?
3
Let l be 33 + -27 - (-876 + -2). Suppose -4*b + 0*b = -l. What is the hundreds digit of b?
2
Suppose 0 = 9*d - 46189 - 13931. What is the units digit of d?
0
Suppose -m - 126 = -8*m. Let s(z) = 21*z + 247. What is the units digit of s(m)?
5
Suppose 27*t - 114624 = 95949. What is the thousands digit of t?
7
Let f(j) = -100*j - 4. Let n be f(-2). Let a = n + -118. Suppose a = w - 4*d, -347 + 23 = -4*w + 4*d. What is the units digit of w?
2
Let k(m) = 9*m**2 + 25*m + 4. Let v(j) = 26*j**2 + 75*j + 14. Let s(o) = -8*k(o) + 3*v(o). What is the hundreds digit of s(-12)?
5
Suppose 0 = 11*q - 7*q - 56. Let f(y) = 2*y**2 - 5*y + 21. What is the hundreds digit of f(q)?
3
What is the units digit of ((-1104)/64 - -17)*-19672?
8
Let u(h) = -h**3 - 18*h**2 + 18*h - 13. Let f(v) = -v**3 + 9*v**2 + v - 28. Let s be f(9). Let y be u(s). What is the units digit of (129/(-2))/((-9)/y)?
3
Suppose 0 = -92*z + 188*z - 72420 - 13404. What is the units digit of z?
4
Let q be -5*(-4 - 25/(-5)) - -4984. Suppose 0 = -x - 12*x + q. What is the tens digit of x?
8
Let o be 1/((4/(-276))/((-2)/6)). Let w = -3 + o. Suppose -3*s = -2*s - b - 94, -5*b = w. What is the tens digit of s?
9
Let q(h) be the second derivative of h**4/12 - 2*h**3 + 7*h**2 - 4*h. Let j be q(11). Suppose -7*m + 360 = -j*m. What is the tens digit of m?
9
Suppose 3*d - 480 = -2*i, d = -4*i + 9 + 151. Let x = 1545 - d. What is the thousands digit of x?
1
Let q(o) = 8*o**2 + 213*o - 24. Let s be 590/(-22) - (-130)/(-715). What is the tens digit of q(s)?
5
Suppose -34 = b - j - 41, 0 = -4*b - 3*j. Let t(f) = 2*f**3 + 0*f**3 + 3*f + 2 - 3*f**2 + f**3. What is the units digit of t(b)?
5
Suppose 0*o - 4*o + 4*m - 848 = 0, -3*m + 218 = -o. Let h = 82 - o. What is the units digit of h?
